{"id":399,"date":"2021-09-27T15:47:52","date_gmt":"2021-09-27T13:47:52","guid":{"rendered":"https:\/\/laboratoire.univ-mosta.dz\/diacicult\/?page_id=399"},"modified":"2021-11-28T10:43:11","modified_gmt":"2021-11-28T09:43:11","slug":"equipe-ptpr","status":"publish","type":"page","link":"https:\/\/laboratoire.univ-mosta.dz\/diacicult\/equipe-ptpr\/","title":{"rendered":"Equipe PTPR"},"content":{"rendered":"<p style=\"text-align: center\"><span style=\"font-size: 14pt\"><strong>La probl\u00e9matique de la tol\u00e9rance entre la philosophie et la religion<\/strong><\/span><\/p>\n<p><strong>Chef d\u2019\u00e9quipe:<\/strong>\u00a0Brahim Ahmed<\/p>\n<p><strong>Les\u00a0membres de l\u2019\u00e9quipe:<\/strong><\/p>\n<figure class=\"wp-block-table\">\n<table style=\"width: 107.701%;height: 120px\">\n<tbody>\n<tr style=\"height: 24px\">\n<td style=\"height: 24px;width: 27.7344%\"><strong>Nom &amp; Pr\u00e9nom<\/strong><\/td>\n<td style=\"height: 24px;width: 10.7422%\"><strong>Grade<\/strong><\/td>\n<td style=\"height: 24px;width: 16.9922%\"><strong>Sp\u00e9cialit\u00e9<\/strong><\/td>\n<td style=\"height: 24px;width: 56.25%\"><strong>Structure de rattachement<\/strong><\/td>\n<\/tr>\n<tr style=\"height: 24px\">\n<td style=\"height: 24px;width: 27.7344%\">Brahim Ahmed<\/td>\n<td style=\"height: 24px;width: 10.7422%\">M.C<\/td>\n<td style=\"height: 24px;width: 16.9922%\">Philosophie<\/td>\n<td style=\"height: 24px;width: 56.25%\">Universit\u00e9 de Mostaganem<\/td>\n<\/tr>\n<tr style=\"height: 24px\">\n<td style=\"height: 24px;width: 27.7344%\">Ghezal Saliha<\/td>\n<td style=\"height: 24px;width: 10.7422%\">M.A<\/td>\n<td style=\"height: 24px;width: 16.9922%\">Sociologie<\/td>\n<td style=\"height: 24px;width: 56.25%\">Universit\u00e9 de Mostaganem<\/td>\n<\/tr>\n<tr style=\"height: 24px\">\n<td style=\"height: 24px;width: 27.7344%\">Berber Hafida<\/td>\n<td style=\"height: 24px;width: 10.7422%\">M.A<\/td>\n<td style=\"height: 24px;width: 16.9922%\">Fran\u00e7ais<\/td>\n<td style=\"height: 24px;width: 56.25%\">Universit\u00e9 de Mostaganem<\/td>\n<\/tr>\n<tr style=\"height: 24px\">\n<td style=\"height: 24px;width: 27.7344%\">Kouider Ben Ahmed<\/td>\n<td style=\"height: 24px;width: 10.7422%\">M.A<\/td>\n<td style=\"height: 24px;width: 16.9922%\">Psychologie<\/td>\n<td style=\"height: 24px;width: 56.25%\">Universit\u00e9 de Mostaganem<\/td>\n<\/tr>\n<\/tbody>\n<\/table>\n<\/figure>\n<p><strong>Description des objectifs, missions et activit\u00e9s de l\u2019\u00e9quipe<\/strong><\/p>\n<p><strong>a-Objectifs d\u2019ensemble<\/strong><\/p>\n<p>Notre \u00e9quipe de recherche \u00ab\u00a0La probl\u00e9matique de la Tol\u00e9rance entre la Philosophie et la Religion\u00a0\u00bb\u00a0 a pour ambition d\u2019aider\u00a0 \u00e0 promouvoir le Dialogue, pour\u00a0 parvenir \u00e0 la Tol\u00e9rance et la Paix entre les individus, ind\u00e9pendamment de leurs sp\u00e9cificit\u00e9s religieuse, culturelle ou encore de civilisation, dont le but est d\u2019\u00e9viter toute forme de violence, les soutenir pour permettre d\u2019arriver \u00e0 d\u00e9velopper des valeurs morales et spirituelles communes.\u00a0\u00a0 Cette \u00e9quipe de recherche cherche \u00e0 s\u2019investir dans la probl\u00e9matique de la Tol\u00e9rance, comme probl\u00e9matique majeure en Philosophie et en Religion, en une conjoncture marqu\u00e9e par les conflits et les guerres de tout genre. Nous pensons qu\u2019il s\u2019agit d\u2019une probl\u00e9matique cruciale qui fait l\u2019actualit\u00e9 l\u2019aujourd\u2019hui, et pr\u00e9occupe l\u2019opinion publique internationale, qui \u0153uvre \u00a0pour \u00e9viter toute sorte de conflits entre les Religions, et les syst\u00e8mes culturels actuels, encourager la paix au monde, et garantir l\u2019unit\u00e9 et la coh\u00e9sion humaine, malgr\u00e9 les diff\u00e9rences \u00e0 caract\u00e8re religieuse ou ethnique. Aussi, nous \u0153uvrons pour confirmer le respect manifest\u00e9 par l\u2019Islam \u00e0 l\u2019\u00e9gard des autres religions et les autres sp\u00e9cificit\u00e9s culturelles et religieuses, et montrer comment se comporter positivement avec les autres civilisations, cultures, et religions \u00e0 l\u2019avenir.<\/p>\n<p><strong>b-Fondements Scientifiques\u00a0<\/strong><\/p>\n<ul>\n<li>La probl\u00e9matique de la Tol\u00e9rance\u00a0: Un voyage historique \u00e0 travers la Religion et la Philosophie<\/li>\n<li>La Tol\u00e9rance\u00a0et la Philosophie,<\/li>\n<li>La Tol\u00e9rance\u00a0et les grands enjeux contemporains,<\/li>\n<li>La position de l\u2019Islam envers la Tol\u00e9rance,<\/li>\n<li>La continuit\u00e9 (Communication) culturelle entre le Moi et l\u2019Autre de point de vue intellectuels alg\u00e9riens,<\/li>\n<li>La probl\u00e9matique de la Tol\u00e9rance et la Libert\u00e9 d\u2019expression.<\/li>\n<\/ul>\n","protected":false},"excerpt":{"rendered":"<p>La probl\u00e9matique de la tol\u00e9rance entre la philosophie et la religion Chef d\u2019\u00e9quipe:\u00a0Brahim Ahmed Les\u00a0membres de l\u2019\u00e9quipe: Nom &amp; Pr\u00e9nom<\/p>\n","protected":false},"author":4,"featured_media":0,"parent":0,"menu_order":0,"comment_status":"closed","ping_status":"closed","template":"","meta":{"colormag_page_container_layout":"default_layout","colormag_page_sidebar_layout":"default_layout","_eb_attr":"","_coblocks_attr":"","_coblocks_dimensions":"","_coblocks_responsive_height":"","_coblocks_accordion_ie_support":"","footnotes":""},"class_list":["post-399","page","type-page","status-publish","hentry"],"_links":{"self":[{"href":"https:\/\/laboratoire.univ-mosta.dz\/diacicult\/wp-json\/wp\/v2\/pages\/399","targetHints":{"allow":["GET"]}}],"collection":[{"href":"https:\/\/laboratoire.univ-mosta.dz\/diacicult\/wp-json\/wp\/v2\/pages"}],"about":[{"href":"https:\/\/laboratoire.univ-mosta.dz\/diacicult\/wp-json\/wp\/v2\/types\/page"}],"author":[{"embeddable":true,"href":"https:\/\/laboratoire.univ-mosta.dz\/diacicult\/wp-json\/wp\/v2\/users\/4"}],"replies":[{"embeddable":true,"href":"https:\/\/laboratoire.univ-mosta.dz\/diacicult\/wp-json\/wp\/v2\/comments?post=399"}],"version-history":[{"count":5,"href":"https:\/\/laboratoire.univ-mosta.dz\/diacicult\/wp-json\/wp\/v2\/pages\/399\/revisions"}],"predecessor-version":[{"id":1256,"href":"https:\/\/laboratoire.univ-mosta.dz\/diacicult\/wp-json\/wp\/v2\/pages\/399\/revisions\/1256"}],"wp:attachment":[{"href":"https:\/\/laboratoire.univ-mosta.dz\/diacicult\/wp-json\/wp\/v2\/media?parent=399"}],"curies":[{"name":"wp","href":"https:\/\/api.w.org\/{rel}","templated":true}]}}