{"id":93,"date":"2025-11-19T22:57:44","date_gmt":"2025-11-19T21:57:44","guid":{"rendered":"https:\/\/laboratoire.univ-mosta.dz\/cstl\/?page_id=93"},"modified":"2026-03-04T10:04:36","modified_gmt":"2026-03-04T09:04:36","slug":"actualites","status":"publish","type":"page","link":"https:\/\/laboratoire.univ-mosta.dz\/cstl\/","title":{"rendered":"Actualit\u00e9s"},"content":{"rendered":"\n<h2 class=\"wp-block-heading\">S\u00e9minaire mensuel du mois de f\u00e9vrier<\/h2>\n\n\n\n<p>Ce s\u00e9minaire sera anim\u00e9 par <strong>Linda Benachenhou<\/strong> le <strong>lundi 9 f\u00e9vrier<\/strong>, au cours duquel elle pr\u00e9sentera ses travaux de th\u00e8se intitul\u00e9s <em>\u00ab\u00a0<a href=\"https:\/\/laboratoire.univ-mosta.dz\/cstl\/seminaire-evaluation-framework-for-explainable-ai-in-learning-analytics-9-fevrier-2026\/\" data-type=\"page\" data-id=\"581\">Evaluation Framework for Explainable AI in Learning Analytics<\/a><\/em>\u00ab\u00a0.<\/p>\n\n\n\n<figure class=\"wp-block-image aligncenter size-large is-resized\"><img loading=\"lazy\" decoding=\"async\" width=\"1024\" height=\"771\" src=\"https:\/\/laboratoire.univ-mosta.dz\/cstl\/wp-content\/uploads\/sites\/12\/2026\/03\/Seminaire0903-1024x771.jpeg\" alt=\"\" class=\"wp-image-594\" style=\"aspect-ratio:1.3281295414385048;width:495px;height:auto\" srcset=\"https:\/\/laboratoire.univ-mosta.dz\/cstl\/wp-content\/uploads\/sites\/12\/2026\/03\/Seminaire0903-1024x771.jpeg 1024w, https:\/\/laboratoire.univ-mosta.dz\/cstl\/wp-content\/uploads\/sites\/12\/2026\/03\/Seminaire0903-300x226.jpeg 300w, https:\/\/laboratoire.univ-mosta.dz\/cstl\/wp-content\/uploads\/sites\/12\/2026\/03\/Seminaire0903-768x578.jpeg 768w, https:\/\/laboratoire.univ-mosta.dz\/cstl\/wp-content\/uploads\/sites\/12\/2026\/03\/Seminaire0903-1536x1157.jpeg 1536w, https:\/\/laboratoire.univ-mosta.dz\/cstl\/wp-content\/uploads\/sites\/12\/2026\/03\/Seminaire0903-2048x1542.jpeg 2048w\" sizes=\"auto, (max-width: 1024px) 100vw, 1024px\" \/><\/figure>\n\n\n\n<p><\/p>\n\n\n\n<h2 class=\"wp-block-heading\">Rencontre informelle avec les doctorants<\/h2>\n\n\n\n<p>Une rencontre enrichissante s\u2019est tenue ce lundi 8 d\u00e9cembre au matin entre les professeurs Hamamache Kheddouci et ladjel bellatreche et les doctorants du laboratoire. Cet \u00e9change a permis d\u2019aborder plusieurs points essentiels pour la r\u00e9ussite du parcours doctoral, tant sur le plan scientifique qu\u2019organisationnel.<\/p>\n\n\n\n<div class=\"wp-block-uagb-image aligncenter uagb-block-ace33e6c wp-block-uagb-image--layout-default wp-block-uagb-image--effect-static wp-block-uagb-image--align-center\"><figure class=\"wp-block-uagb-image__figure\"><img decoding=\"async\" src=\"https:\/\/laboratoire.univ-mosta.dz\/cstl\/wp-content\/uploads\/sites\/12\/2025\/12\/2025-12-07_Doc2.jpeg\" alt=\"\" class=\"uag-image-554\" width=\"549\" height=\"321\" title=\"2025-12-07_Doc2\" loading=\"lazy\" role=\"img\" \/><\/figure><\/div>\n\n\n\n<p>Cette rencontre a \u00e9t\u00e9 particuli\u00e8rement b\u00e9n\u00e9fique pour les doctorants, qui ont pu b\u00e9n\u00e9ficier de conseils m\u00e9thodologiques et strat\u00e9giques pr\u00e9cieux pour structurer leur travail de recherche et optimiser leur parcours.<\/p>\n\n\n\n<p><\/p>\n\n\n\n<h2 class=\"wp-block-heading\">Conf\u00e9rence CSNT&rsquo;25, 7 d\u00e9cembre 2025<\/h2>\n\n\n\n<p>La deuxi\u00e8me \u00e9dition de la conf\u00e9rence CSNT aura lieu le 7 d\u00e9cembre ! Au programme, une conf\u00e9rence pl\u00e9ni\u00e8re sur les <strong>d\u00e9fis li\u00e9s aux graphes de connaissances<\/strong> et <strong>18 pr\u00e9sentations<\/strong> orales et <strong>11 posters<\/strong>.<br>Vous \u00eates passionn\u00e9 par l\u2019informatique et les nouvelles technologies ? Vous \u00eates les bienvenus !<\/p>\n<p><a href=\"https:\/\/laboratoire.univ-mosta.dz\/cstl\/csnt2025-computer-science-and-new-technologies\/\">Le programme d\u00e9taill\u00e9e de la conf\u00e9rence est ici.<\/a><\/p>\n\n\n\n<h2 class=\"wp-block-heading\">CSLT sur les r\u00e9seaux sociaux !<\/h2>\n\n\n\n<p>Pour mieux partager nos actualit\u00e9s, valoriser les travaux de recherche du laboratoire et renforcer nos \u00e9changes avec la communaut\u00e9 scientifique et socio-\u00e9conomique, le CSLT est maintenant actif sur plusieurs plateformes <a href=\"https:\/\/www.facebook.com\/share\/14MVVcrm4zD\/?mibextid=wwXIfr\">Facebook, <\/a><a href=\"https:\/\/x.com\/cstl_lab\/status\/1985797716786417861?s=46\">X&nbsp;(Twitter) <\/a>et <a href=\"https:\/\/www.linkedin.com\/groups\/16065013\">LinkedIn<\/a>.<br>N\u2019h\u00e9sitez pas \u00e0 nous suivre pour rester inform\u00e9s des derni\u00e8res nouvelles, \u00e9v\u00e9nements, publications et opportunit\u00e9s du laboratoire.<\/p>\n\n\n\n<p><\/p>\n\n\n\n<h2 class=\"wp-block-heading\">S\u00e9minaire mensuel du mois de novembre<\/h2>\n\n\n\n<ul>\n<li><strong>Smart management of distributed resources <\/strong>\u2013 Abdallah Bensalloua Charef, Melel Ferhi Asma. 10 novembre 2025<\/li>\n<li><a href=\"https:\/\/laboratoire.univ-mosta.dz\/cstl\/a-deep-dive-into-intelligent-transportation-systems\/\"><strong>A Deep Dive into Intelligent transportation systems: A Systematic Review and case studies<\/strong><\/a> \u2013 Benkedadra Fatima Zohra. 10 novembre 2025<\/li>\n<\/ul>\n\n\n\n<p><\/p>\n\n\n\n<div class=\"wp-block-uagb-image aligncenter uagb-block-ba310006 wp-block-uagb-image--layout-default wp-block-uagb-image--effect-static wp-block-uagb-image--align-center\"><figure class=\"wp-block-uagb-image__figure\"><img decoding=\"async\" src=\"https:\/\/laboratoire.univ-mosta.dz\/cstl\/wp-content\/uploads\/sites\/12\/2025\/11\/IMG20251110123727-1024x771.jpg\" alt=\"\" class=\"uag-image-327\" width=\"522\" height=\"393\" title=\"oplus_2\" loading=\"lazy\" role=\"img\" \/><\/figure><\/div>\n\n\n\n<p><\/p>\n\n\n\n<h2 class=\"wp-block-heading\">Graines pour l&rsquo;avenir&#8230;<\/h2>\n\n\n\n<p>Saim Abdessamie Abdelkader, \u00e9tudiant en deuxi\u00e8me ann\u00e9e de master en IA4IOT (Intelligence Artificielle pour l&rsquo;Internet des objets, a brillamment r\u00e9ussi le concours Huawei. Il a \u00e9t\u00e9 s\u00e9lectionn\u00e9 pour la phase en pr\u00e9sentiel du programme Huawei Seeds For The Future 2025 en Chine.<\/p>\n\n\n\n<div class=\"wp-block-uagb-image aligncenter uagb-block-888643ff wp-block-uagb-image--layout-default wp-block-uagb-image--effect-static wp-block-uagb-image--align-center\"><figure class=\"wp-block-uagb-image__figure\"><img decoding=\"async\" src=\"https:\/\/laboratoire.univ-mosta.dz\/cstl\/wp-content\/uploads\/sites\/12\/2025\/11\/1000006175-1024x683.jpg\" alt=\"\" class=\"uag-image-342\" width=\"549\" height=\"365\" title=\"1000006175\" loading=\"lazy\" role=\"img\" \/><\/figure><\/div>\n\n\n\n<p><\/p>\n","protected":false},"excerpt":{"rendered":"<p>S\u00e9minaire mensuel du mois de f\u00e9vrier Ce s\u00e9minaire sera anim\u00e9 par Linda Benachenhou le lundi 9 f\u00e9vrier, au cours duquel<\/p>\n","protected":false},"author":12,"featured_media":0,"parent":0,"menu_order":0,"comment_status":"closed","ping_status":"closed","template":"","meta":{"colormag_page_container_layout":"default_layout","colormag_page_sidebar_layout":"default_layout","_eb_attr":"","_coblocks_attr":"","_coblocks_dimensions":"","_coblocks_responsive_height":"","_coblocks_accordion_ie_support":"","footnotes":""},"class_list":["post-93","page","type-page","status-publish","hentry"],"_links":{"self":[{"href":"https:\/\/laboratoire.univ-mosta.dz\/cstl\/wp-json\/wp\/v2\/pages\/93","targetHints":{"allow":["GET"]}}],"collection":[{"href":"https:\/\/laboratoire.univ-mosta.dz\/cstl\/wp-json\/wp\/v2\/pages"}],"about":[{"href":"https:\/\/laboratoire.univ-mosta.dz\/cstl\/wp-json\/wp\/v2\/types\/page"}],"author":[{"embeddable":true,"href":"https:\/\/laboratoire.univ-mosta.dz\/cstl\/wp-json\/wp\/v2\/users\/12"}],"replies":[{"embeddable":true,"href":"https:\/\/laboratoire.univ-mosta.dz\/cstl\/wp-json\/wp\/v2\/comments?post=93"}],"version-history":[{"count":34,"href":"https:\/\/laboratoire.univ-mosta.dz\/cstl\/wp-json\/wp\/v2\/pages\/93\/revisions"}],"predecessor-version":[{"id":597,"href":"https:\/\/laboratoire.univ-mosta.dz\/cstl\/wp-json\/wp\/v2\/pages\/93\/revisions\/597"}],"wp:attachment":[{"href":"https:\/\/laboratoire.univ-mosta.dz\/cstl\/wp-json\/wp\/v2\/media?parent=93"}],"curies":[{"name":"wp","href":"https:\/\/api.w.org\/{rel}","templated":true}]}}