{"id":581,"date":"2026-02-10T09:21:05","date_gmt":"2026-02-10T08:21:05","guid":{"rendered":"https:\/\/laboratoire.univ-mosta.dz\/cstl\/?page_id=581"},"modified":"2026-03-04T10:07:22","modified_gmt":"2026-03-04T09:07:22","slug":"seminaire-evaluation-framework-for-explainable-ai-in-learning-analytics-9-fevrier-2026","status":"publish","type":"page","link":"https:\/\/laboratoire.univ-mosta.dz\/cstl\/seminaire-evaluation-framework-for-explainable-ai-in-learning-analytics-9-fevrier-2026\/","title":{"rendered":"SeminaireAI2C &#8211; Evaluation Framework for Explainable AI in Learning Analytics"},"content":{"rendered":"\n<h2 class=\"wp-block-heading\">S\u00e9minaire \u00ab\u00a0Evaluation Framework for Explainable AI in Learning Analytics\u00a0\u00bb &#8211; 9 f\u00e9vrier 2026<\/h2>\n\n\n\n<p><strong>Intervenante<\/strong> : Linda Benachenhou<\/p>\n\n\n\n<p><strong>R\u00e9sum\u00e9<\/strong> : The growing use of predictive models of learning performance in Learning Analytics (LA) raises critical concerns about the intelligibility, interpretability and trustworthiness of algorithmic decisions. Although Explainable AI (XAI) methods have been introduced to make these models more transparent, there is still no standardized approach to evaluate the quality of the explanations they provide. In this work, we propose a comprehensive evaluation framework, applied on the Open University Learning Analytics Dataset (OULAD), comparing several widely used XAI methods, including SHAP, LIME, and counterfactual explanation. Our results reveal variability in explanation quality across methods, demonstrating the need for multi-faceted evaluation approaches.<\/p>\n\n\n\n<figure class=\"wp-block-image size-large\"><img loading=\"lazy\" decoding=\"async\" width=\"1024\" height=\"771\" src=\"https:\/\/laboratoire.univ-mosta.dz\/cstl\/wp-content\/uploads\/sites\/12\/2026\/03\/Seminaire0903-1-1024x771.jpeg\" alt=\"\" class=\"wp-image-598\" srcset=\"https:\/\/laboratoire.univ-mosta.dz\/cstl\/wp-content\/uploads\/sites\/12\/2026\/03\/Seminaire0903-1-1024x771.jpeg 1024w, https:\/\/laboratoire.univ-mosta.dz\/cstl\/wp-content\/uploads\/sites\/12\/2026\/03\/Seminaire0903-1-300x226.jpeg 300w, https:\/\/laboratoire.univ-mosta.dz\/cstl\/wp-content\/uploads\/sites\/12\/2026\/03\/Seminaire0903-1-768x578.jpeg 768w, https:\/\/laboratoire.univ-mosta.dz\/cstl\/wp-content\/uploads\/sites\/12\/2026\/03\/Seminaire0903-1-1536x1157.jpeg 1536w, https:\/\/laboratoire.univ-mosta.dz\/cstl\/wp-content\/uploads\/sites\/12\/2026\/03\/Seminaire0903-1-2048x1542.jpeg 2048w\" sizes=\"auto, (max-width: 1024px) 100vw, 1024px\" \/><\/figure>\n","protected":false},"excerpt":{"rendered":"<p>S\u00e9minaire \u00ab\u00a0Evaluation Framework for Explainable AI in Learning Analytics\u00a0\u00bb &#8211; 9 f\u00e9vrier 2026 Intervenante : Linda Benachenhou R\u00e9sum\u00e9 : The<\/p>\n","protected":false},"author":12,"featured_media":0,"parent":0,"menu_order":0,"comment_status":"closed","ping_status":"closed","template":"","meta":{"colormag_page_container_layout":"default_layout","colormag_page_sidebar_layout":"default_layout","_eb_attr":"","_coblocks_attr":"","_coblocks_dimensions":"","_coblocks_responsive_height":"","_coblocks_accordion_ie_support":"","footnotes":""},"class_list":["post-581","page","type-page","status-publish","hentry"],"_links":{"self":[{"href":"https:\/\/laboratoire.univ-mosta.dz\/cstl\/wp-json\/wp\/v2\/pages\/581","targetHints":{"allow":["GET"]}}],"collection":[{"href":"https:\/\/laboratoire.univ-mosta.dz\/cstl\/wp-json\/wp\/v2\/pages"}],"about":[{"href":"https:\/\/laboratoire.univ-mosta.dz\/cstl\/wp-json\/wp\/v2\/types\/page"}],"author":[{"embeddable":true,"href":"https:\/\/laboratoire.univ-mosta.dz\/cstl\/wp-json\/wp\/v2\/users\/12"}],"replies":[{"embeddable":true,"href":"https:\/\/laboratoire.univ-mosta.dz\/cstl\/wp-json\/wp\/v2\/comments?post=581"}],"version-history":[{"count":4,"href":"https:\/\/laboratoire.univ-mosta.dz\/cstl\/wp-json\/wp\/v2\/pages\/581\/revisions"}],"predecessor-version":[{"id":600,"href":"https:\/\/laboratoire.univ-mosta.dz\/cstl\/wp-json\/wp\/v2\/pages\/581\/revisions\/600"}],"wp:attachment":[{"href":"https:\/\/laboratoire.univ-mosta.dz\/cstl\/wp-json\/wp\/v2\/media?parent=581"}],"curies":[{"name":"wp","href":"https:\/\/api.w.org\/{rel}","templated":true}]}}