{"id":117,"date":"2025-11-19T23:09:14","date_gmt":"2025-11-19T22:09:14","guid":{"rendered":"https:\/\/laboratoire.univ-mosta.dz\/cstl\/?page_id=117"},"modified":"2025-12-02T10:32:43","modified_gmt":"2025-12-02T09:32:43","slug":"partenariats","status":"publish","type":"page","link":"https:\/\/laboratoire.univ-mosta.dz\/cstl\/partenariats\/","title":{"rendered":"Projets et partenariats"},"content":{"rendered":"\n<h1 class=\"wp-block-heading\">Projets<\/h1>\n\n\n\n<h2 class=\"wp-block-heading\">PNR &#8211; Programmes Nationaux de Recherche<\/h2>\n\n\n\n<p><strong>Porteur<\/strong> : Abdallah Bensalloua Charef. <strong>Intitul\u00e9<\/strong> : <em>R\u00e9alisation d\u2019un syst\u00e8me d\u2019information g\u00e9ographique pour la protection et la valorisation des ressources naturelles foresti\u00e8res et la lutte contre les feux de for\u00eat.<\/em><\/p>\n<p>&nbsp;<\/p>\n\n\n\n<h2 class=\"wp-block-heading\">PRFU &#8211; Projet de Recherche-Formation Universitaire<\/h2>\n\n\n\n<table style=\"border-collapse: collapse;width: 100%;height: 231px\">\n<tbody>\n<tr style=\"height: 33px\">\n<td style=\"width: 27.807%;height: 33px;background-color: #000000\"><span style=\"color: #ffffff\">Porteur<\/span><\/td>\n<td style=\"width: 61.4912%;height: 33px;background-color: #000000\"><span style=\"color: #ffffff\">Intitul\u00e9<\/span><\/td>\n<td style=\"width: 10.7017%;height: 33px;background-color: #000000\"><span style=\"color: #ffffff\">Ann\u00e9e<\/span><\/td>\n<\/tr>\n<tr style=\"height: 33px\">\n<td style=\"width: 27.807%;height: 33px\">Karim Sehaba<\/td>\n<td style=\"width: 61.4912%;height: 33px\">Intelligence artificielle pour l\u2019apprentissage et l\u2019aide au diagnostic m\u00e9dical<\/td>\n<td style=\"width: 10.7017%;height: 33px\">2023-26<\/td>\n<\/tr>\n<tr style=\"height: 33px\">\n<td style=\"width: 27.807%;height: 33px\">Nadia Hocine<\/td>\n<td style=\"width: 61.4912%;height: 33px\">Co-conception intelligente et aide au suivi et a\u0300 la supervision des formations dans les environnements collaboratifs<\/td>\n<td style=\"width: 10.7017%;height: 33px\">2023-26<\/td>\n<\/tr>\n<tr style=\"height: 33px\">\n<td style=\"width: 27.807%;height: 33px\">Abdallah Bensalloua Chef<\/td>\n<td style=\"width: 61.4912%;height: 33px\">R\u00e9alisation d\u2019un syst\u00e8me d\u2019information g\u00e9ographique pour la protection et la valorisation des ressources naturelles foresti\u00e8res et la lutte contre les feux de for\u00eat<\/td>\n<td style=\"width: 10.7017%;height: 33px\">2023-26<\/td>\n<\/tr>\n<tr style=\"height: 33px\">\n<td style=\"width: 27.807%;height: 33px\">Baroudi Rouba<\/td>\n<td style=\"width: 61.4912%;height: 33px\">Fouille de donn\u00e9es et vision pour l\u2019aide \u00e0 la d\u00e9cision<\/td>\n<td style=\"width: 10.7017%;height: 33px\">2023-26<\/td>\n<\/tr>\n<tr style=\"height: 33px\">\n<td style=\"width: 27.807%;height: 33px\">Atmani Baghdad<\/td>\n<td style=\"width: 61.4912%;height: 33px\">D\u00e9veloppement d\u2019une application mobile (avec logiciel PC) dot\u00e9e d\u2019une intelligence artificielle et un syst\u00e8me SIG int\u00e9gr\u00e9 pour gestion, analyse et alerte en temps r\u00e9el utilisable par les services d\u2019\u00e9pid\u00e9miologie<\/td>\n<td style=\"width: 10.7017%;height: 33px\">2023-26<\/td>\n<\/tr>\n<tr style=\"height: 33px\">\n<td style=\"width: 27.807%;height: 33px\">Mechaoui Moulay Driss<\/td>\n<td style=\"width: 61.4912%;height: 33px\">Edition collaborative, contr\u00f4le d\u2019acc\u00e8s, r\u00e9plication, et analyse des donn\u00e9es massives dans le cloud et les environnements distribu\u00e9s<\/td>\n<td style=\"width: 10.7017%;height: 33px\">2023-26<\/td>\n<\/tr>\n<tr>\n<td style=\"width: 27.807%\">Laredj Mohammed Adnane<\/td>\n<td style=\"width: 61.4912%\">Int\u00e9gration des GDSS (Group Decision Support System) dans les processus PLM (Product Lifecycle Management)<\/td>\n<td style=\"width: 10.7017%\">2023-26<\/td>\n<\/tr>\n<\/tbody>\n<\/table>\n\n\n\n<p><\/p>\n\n\n\n<h2 class=\"wp-block-heading\">Formations doctorales<\/h2>\n\n\n\n<table style=\"border-collapse: collapse;width: 100%;height: 264px\">\n<tbody>\n<tr style=\"height: 33px;background-color: #000000\">\n<td style=\"width: 18.0701%;height: 33px\"><span style=\"color: #ffffff\">Porteur<\/span><\/td>\n<td style=\"width: 53.3334%;height: 33px\"><span style=\"color: #ffffff\">Sp\u00e9cialit\u00e9s<\/span><\/td>\n<td style=\"width: 20.0876%;height: 33px\"><span style=\"color: #ffffff\">N. de doctorants<\/span><\/td>\n<td style=\"width: 8.50875%;height: 33px\"><span style=\"color: #ffffff\">Ann\u00e9e<\/span><\/td>\n<\/tr>\n<tr style=\"height: 33px\">\n<td style=\"width: 18.0701%;height: 66px\" rowspan=\"2\">Karim Sehaba<\/td>\n<td style=\"width: 53.3334%;height: 33px\">Intelligence artificielle et ses application<\/td>\n<td style=\"width: 20.0876%;height: 33px\">3<\/td>\n<td style=\"width: 8.50875%;height: 33px\">2022<\/td>\n<\/tr>\n<tr style=\"height: 33px\">\n<td style=\"width: 53.3334%;height: 33px\">Informatique distribu\u00e9e et ses applications<\/td>\n<td style=\"width: 20.0876%;height: 33px\">3<\/td>\n<td style=\"width: 8.50875%;height: 33px\">2023<\/td>\n<\/tr>\n<tr style=\"height: 33px\">\n<td style=\"width: 18.0701%;height: 66px\" rowspan=\"2\">Kaid-Slimane Borchra<\/td>\n<td style=\"width: 53.3334%;height: 33px\">Intelligence artificielle et ses application<\/td>\n<td style=\"width: 20.0876%;height: 33px\">4<\/td>\n<td style=\"width: 8.50875%;height: 33px\">2023<\/td>\n<\/tr>\n<tr style=\"height: 33px\">\n<td style=\"width: 53.3334%;height: 33px\">Gestion et analyse des donn\u00e9es massives<\/td>\n<td style=\"width: 20.0876%;height: 33px\">5<\/td>\n<td style=\"width: 8.50875%;height: 33px\">2023<\/td>\n<\/tr>\n<tr style=\"height: 33px\">\n<td style=\"width: 18.0701%;height: 33px\" rowspan=\"3\">Karim Bessaoud<\/td>\n<td style=\"width: 53.3334%;height: 33px\">Intelligence artificielle et ses application<\/td>\n<td style=\"width: 20.0876%;height: 33px\">9<\/td>\n<td style=\"width: 8.50875%;height: 33px\">2025<\/td>\n<\/tr>\n<tr style=\"height: 33px\">\n<td style=\"width: 53.3334%;height: 33px\">R\u00e9seaux et s\u00e9curit\u00e9<\/td>\n<td style=\"width: 20.0876%;height: 33px\">5<\/td>\n<td style=\"width: 8.50875%;height: 33px\">2025<\/td>\n<\/tr>\n<tr style=\"height: 33px\">\n<td style=\"width: 53.3334%;height: 33px\">Syst\u00e8mes d&rsquo;information et aide \u00e0 la d\u00e9cision<\/td>\n<td style=\"width: 20.0876%;height: 33px\">5<\/td>\n<td style=\"width: 8.50875%;height: 33px\">2025<\/td>\n<\/tr>\n<\/tbody>\n<\/table>\n\n\n\n<h2 class=\"wp-block-heading\">Partenariats<\/h2>\n\n\n\n<p><\/p>\n\n\n\n<p><\/p>\n","protected":false},"excerpt":{"rendered":"<p>Projets PNR &#8211; Programmes Nationaux de Recherche Porteur : Abdallah Bensalloua Charef. Intitul\u00e9 : R\u00e9alisation d\u2019un syst\u00e8me d\u2019information g\u00e9ographique pour<\/p>\n","protected":false},"author":12,"featured_media":0,"parent":0,"menu_order":0,"comment_status":"closed","ping_status":"closed","template":"","meta":{"colormag_page_container_layout":"default_layout","colormag_page_sidebar_layout":"default_layout","_eb_attr":"","_coblocks_attr":"","_coblocks_dimensions":"","_coblocks_responsive_height":"","_coblocks_accordion_ie_support":"","footnotes":""},"class_list":["post-117","page","type-page","status-publish","hentry"],"_links":{"self":[{"href":"https:\/\/laboratoire.univ-mosta.dz\/cstl\/wp-json\/wp\/v2\/pages\/117","targetHints":{"allow":["GET"]}}],"collection":[{"href":"https:\/\/laboratoire.univ-mosta.dz\/cstl\/wp-json\/wp\/v2\/pages"}],"about":[{"href":"https:\/\/laboratoire.univ-mosta.dz\/cstl\/wp-json\/wp\/v2\/types\/page"}],"author":[{"embeddable":true,"href":"https:\/\/laboratoire.univ-mosta.dz\/cstl\/wp-json\/wp\/v2\/users\/12"}],"replies":[{"embeddable":true,"href":"https:\/\/laboratoire.univ-mosta.dz\/cstl\/wp-json\/wp\/v2\/comments?post=117"}],"version-history":[{"count":11,"href":"https:\/\/laboratoire.univ-mosta.dz\/cstl\/wp-json\/wp\/v2\/pages\/117\/revisions"}],"predecessor-version":[{"id":529,"href":"https:\/\/laboratoire.univ-mosta.dz\/cstl\/wp-json\/wp\/v2\/pages\/117\/revisions\/529"}],"wp:attachment":[{"href":"https:\/\/laboratoire.univ-mosta.dz\/cstl\/wp-json\/wp\/v2\/media?parent=117"}],"curies":[{"name":"wp","href":"https:\/\/api.w.org\/{rel}","templated":true}]}}