{"id":115,"date":"2025-11-19T23:08:48","date_gmt":"2025-11-19T22:08:48","guid":{"rendered":"https:\/\/laboratoire.univ-mosta.dz\/cstl\/?page_id=115"},"modified":"2026-03-04T10:13:13","modified_gmt":"2026-03-04T09:13:13","slug":"manifestations","status":"publish","type":"page","link":"https:\/\/laboratoire.univ-mosta.dz\/cstl\/manifestations\/","title":{"rendered":"Manifestations scientifiques"},"content":{"rendered":"\n<h1 class=\"wp-block-heading\">Manifestations scientifiques<\/h1>\n\n\n\n<h2 class=\"wp-block-heading\"><strong>Conf\u00e9rences <\/strong><\/h2>\n\n\n\n<ul>\n<li><a href=\"https:\/\/laboratoire.univ-mosta.dz\/cstl\/csnt2025\/\">Deuxi\u00e8me \u00e9dition CSNT 2025<\/a><\/li>\n<li><a href=\"https:\/\/www.univ-mosta.dz\/fsei\/csnt-2024\/\">Premi\u00e8re \u00e9dition CSNT 2024<\/a><\/li>\n<li><a href=\"https:\/\/misc2022.misc-lab.org\/\">Conf\u00e9rence internationale MISC 2022<\/a>\u00a0<\/li>\n<\/ul>\n\n\n\n<h2 class=\"wp-block-heading\">S\u00e9minaires mensuels<\/h2>\n\n\n\n<ul>\n<li><strong><a href=\"https:\/\/laboratoire.univ-mosta.dz\/cstl\/seminaire-evaluation-framework-for-explainable-ai-in-learning-analytics-9-fevrier-2026\/\">Evaluation Framework for Explainable AI in Learning Analytics<\/a><\/strong> &#8211; Linda Benachenhou. 9 f\u00e9vrier 2026<\/li>\n<li><span style=\"color: #000000\"><a href=\"https:\/\/laboratoire.univ-mosta.dz\/cstl\/seminaire-smart-management-of-distributed-resources-10-novembre-2025\/\"><strong>Smart management of distributed resources <\/strong><\/a>&#8211; Abdallah Bensalloua Charef, Melel Ferhi Asma. 10 novembre 2025<\/span><\/li>\n<li><span style=\"color: #000000\"><a href=\"https:\/\/laboratoire.univ-mosta.dz\/cstl\/a-deep-dive-into-intelligent-transportation-systems\/\"><strong>A Deep Dive into Intelligent transportation systems: A Systematic Review and case studies<\/strong><\/a> &#8211; Benkedadra Fatima Zohra. 10 novembre 2025<\/span><\/li>\n<li><span style=\"color: #000000\"><strong>Int\u00e9gration du flou dans le clustering multicrit\u00e8re<\/strong> &#8211; Ait Aoudia Amar. 5 mai 2025<\/span><\/li>\n<li><span style=\"color: #000000\"><strong>\u00c9lection d&rsquo;un facilitateur pour les syst\u00e8mes d&rsquo;aide \u00e0 la d\u00e9cision en groupe (Election of Group Decision Support System Facilitator)<\/strong>. Mohammedi Taieb Sabir &#8211; 3 f\u00e9vrier 2025<\/span><\/li>\n<\/ul>\n\n\n\n<p><\/p>\n","protected":false},"excerpt":{"rendered":"<p>Manifestations scientifiques Conf\u00e9rences Deuxi\u00e8me \u00e9dition CSNT 2025 Premi\u00e8re \u00e9dition CSNT 2024 Conf\u00e9rence internationale MISC 2022\u00a0 S\u00e9minaires mensuels Evaluation Framework for<\/p>\n","protected":false},"author":12,"featured_media":0,"parent":0,"menu_order":0,"comment_status":"closed","ping_status":"closed","template":"","meta":{"colormag_page_container_layout":"default_layout","colormag_page_sidebar_layout":"default_layout","_eb_attr":"","_coblocks_attr":"","_coblocks_dimensions":"","_coblocks_responsive_height":"","_coblocks_accordion_ie_support":"","footnotes":""},"class_list":["post-115","page","type-page","status-publish","hentry"],"_links":{"self":[{"href":"https:\/\/laboratoire.univ-mosta.dz\/cstl\/wp-json\/wp\/v2\/pages\/115","targetHints":{"allow":["GET"]}}],"collection":[{"href":"https:\/\/laboratoire.univ-mosta.dz\/cstl\/wp-json\/wp\/v2\/pages"}],"about":[{"href":"https:\/\/laboratoire.univ-mosta.dz\/cstl\/wp-json\/wp\/v2\/types\/page"}],"author":[{"embeddable":true,"href":"https:\/\/laboratoire.univ-mosta.dz\/cstl\/wp-json\/wp\/v2\/users\/12"}],"replies":[{"embeddable":true,"href":"https:\/\/laboratoire.univ-mosta.dz\/cstl\/wp-json\/wp\/v2\/comments?post=115"}],"version-history":[{"count":20,"href":"https:\/\/laboratoire.univ-mosta.dz\/cstl\/wp-json\/wp\/v2\/pages\/115\/revisions"}],"predecessor-version":[{"id":608,"href":"https:\/\/laboratoire.univ-mosta.dz\/cstl\/wp-json\/wp\/v2\/pages\/115\/revisions\/608"}],"wp:attachment":[{"href":"https:\/\/laboratoire.univ-mosta.dz\/cstl\/wp-json\/wp\/v2\/media?parent=115"}],"curies":[{"name":"wp","href":"https:\/\/api.w.org\/{rel}","templated":true}]}}