{"id":111,"date":"2025-11-19T23:07:46","date_gmt":"2025-11-19T22:07:46","guid":{"rendered":"https:\/\/laboratoire.univ-mosta.dz\/cstl\/?page_id=111"},"modified":"2025-11-28T23:00:12","modified_gmt":"2025-11-28T22:00:12","slug":"equipes","status":"publish","type":"page","link":"https:\/\/laboratoire.univ-mosta.dz\/cstl\/equipes\/","title":{"rendered":"\u00c9quipes"},"content":{"rendered":"\n<p>Le laboratoire CSTL s\u2019appuie sur une organisation structur\u00e9e en \u00e9quipes sp\u00e9cialis\u00e9es, chacune d\u00e9veloppant des recherches \u00e0 la pointe de son domaine tout en contribuant aux projets communs. L\u2019intelligence artificielle (IA) constitue un axe transversal majeur : elle est au c\u0153ur de nombreux travaux, qu\u2019il s\u2019agisse d\u2019apprentissage automatique, de syst\u00e8mes multi-agents, de vision artificielle ou de raisonnement automatique. Cette transversalit\u00e9 permet de relier les \u00e9quipes entre elles et d\u2019enrichir leurs approches pour des applications concr\u00e8tes dans l\u2019\u00e9ducation, la sant\u00e9, l\u2019industrie, l\u2019\u00e9nergie, la finance et les villes intelligentes.<\/p>\n\n\n\n<div class=\"wp-block-uagb-advanced-heading uagb-block-d95da080\"><h2 class=\"uagb-heading-text\">\u00c9quipes du CSTL<\/h2><\/div>\n\n\n\n<p><\/p>\n\n\n\n<div class=\"wp-block-uagb-container uagb-block-03f5e398 alignfull uagb-is-root-container\"><div class=\"uagb-container-inner-blocks-wrap\">\n<div class=\"wp-block-uagb-container uagb-block-c15b722a\">\n<div class=\"wp-block-uagb-container uagb-block-85e5e90f\">\n<figure class=\"wp-block-table\">\n<table class=\"has-fixed-layout\">\n<tbody>\n<tr>\n<td class=\"has-text-align-center\" data-align=\"center\">\n<h1><a href=\"https:\/\/laboratoire.univ-mosta.dz\/cstl\/ai2c\/\" data-type=\"page\" data-id=\"127\">AI2C<\/a><\/h1>\n<\/td>\n<\/tr>\n<tr>\n<td class=\"has-text-align-center\" data-align=\"center\">Adaptation, Interactions, Co-Construction of knowledge<\/td>\n<\/tr>\n<\/tbody>\n<\/table>\n<\/figure>\n<\/div>\n<\/div>\n\n\n\n<div class=\"wp-block-uagb-container uagb-block-214cc14a\">\n<figure class=\"wp-block-table\">\n<table class=\"has-fixed-layout\">\n<tbody>\n<tr>\n<td class=\"has-text-align-center\" data-align=\"center\">\n<h1><a href=\"https:\/\/laboratoire.univ-mosta.dz\/cstl\/netcoo\/\">NetCoo<\/a><\/h1>\n<\/td>\n<\/tr>\n<tr>\n<td class=\"has-text-align-center\" data-align=\"center\">Network and Cooperation<\/td>\n<\/tr>\n<\/tbody>\n<\/table>\n<\/figure>\n<\/div>\n\n\n\n<div class=\"wp-block-uagb-container uagb-block-34db1d31\">\n<figure class=\"wp-block-table\">\n<table class=\"has-fixed-layout\">\n<tbody>\n<tr>\n<td class=\"has-text-align-center\" data-align=\"center\">\n<h1><a href=\"https:\/\/laboratoire.univ-mosta.dz\/cstl\/smdr\/\">SMDR<\/a><\/h1>\n<\/td>\n<\/tr>\n<tr>\n<td class=\"has-text-align-center\" data-align=\"center\">Smart Management of Distributed Resources<\/td>\n<\/tr>\n<\/tbody>\n<\/table>\n<\/figure>\n<\/div>\n\n\n\n<div class=\"wp-block-uagb-container uagb-block-c948ae22\">\n<figure class=\"wp-block-table\">\n<table class=\"has-fixed-layout\" style=\"width: 100%;height: 135px\">\n<tbody>\n<tr style=\"height: 81px\">\n<td class=\"has-text-align-center\" style=\"height: 81px\" data-align=\"center\">\n<h1><a href=\"https:\/\/laboratoire.univ-mosta.dz\/cstl\/dmvs\/\">DMVS<\/a><\/h1>\n<\/td>\n<\/tr>\n<tr style=\"height: 54px\">\n<td class=\"has-text-align-center\" style=\"height: 54px\" data-align=\"center\">Datamining, Machine learning, Vision, Simulation<\/td>\n<\/tr>\n<\/tbody>\n<\/table>\n<\/figure>\n<\/div>\n\n\n\n<div class=\"wp-block-uagb-container uagb-block-aebfb7cd\">\n<figure class=\"wp-block-table\">\n<table class=\"has-fixed-layout\" style=\"width: 100%;height: 135px\">\n<tbody>\n<tr style=\"height: 81px\">\n<td class=\"has-text-align-center\" style=\"height: 81px\" data-align=\"center\">\n<h1><a href=\"https:\/\/laboratoire.univ-mosta.dz\/cstl\/air-nt\">AIR-NT<\/a><\/h1>\n<\/td>\n<\/tr>\n<tr style=\"height: 54px\">\n<td class=\"has-text-align-center\" style=\"height: 54px\" data-align=\"center\">Artificial Intelligence, Reasoning and New Technologies<\/td>\n<\/tr>\n<\/tbody>\n<\/table>\n<\/figure>\n<\/div>\n\n\n\n<div class=\"wp-block-uagb-container uagb-block-6b50f805\">\n<figure class=\"wp-block-table\">\n<table class=\"has-fixed-layout\">\n<tbody>\n<tr>\n<td class=\"has-text-align-center\" data-align=\"center\">\n<h1><a href=\"https:\/\/laboratoire.univ-mosta.dz\/cstl\/gtuc-sc\/\">GTUC-SC<\/a><\/h1>\n<\/td>\n<\/tr>\n<tr>\n<td class=\"has-text-align-center\" data-align=\"center\">Geospatial Technologies and Urban Computing for Smart Cities<\/td>\n<\/tr>\n<\/tbody>\n<\/table>\n<\/figure>\n<\/div>\n<\/div><\/div>\n\n\n\n<p><\/p>\n","protected":false},"excerpt":{"rendered":"<p>Le laboratoire CSTL s\u2019appuie sur une organisation structur\u00e9e en \u00e9quipes sp\u00e9cialis\u00e9es, chacune d\u00e9veloppant des recherches \u00e0 la pointe de son<\/p>\n","protected":false},"author":12,"featured_media":0,"parent":0,"menu_order":0,"comment_status":"closed","ping_status":"closed","template":"","meta":{"colormag_page_container_layout":"default_layout","colormag_page_sidebar_layout":"default_layout","_eb_attr":"","_coblocks_attr":"","_coblocks_dimensions":"","_coblocks_responsive_height":"","_coblocks_accordion_ie_support":"","footnotes":""},"class_list":["post-111","page","type-page","status-publish","hentry"],"_links":{"self":[{"href":"https:\/\/laboratoire.univ-mosta.dz\/cstl\/wp-json\/wp\/v2\/pages\/111","targetHints":{"allow":["GET"]}}],"collection":[{"href":"https:\/\/laboratoire.univ-mosta.dz\/cstl\/wp-json\/wp\/v2\/pages"}],"about":[{"href":"https:\/\/laboratoire.univ-mosta.dz\/cstl\/wp-json\/wp\/v2\/types\/page"}],"author":[{"embeddable":true,"href":"https:\/\/laboratoire.univ-mosta.dz\/cstl\/wp-json\/wp\/v2\/users\/12"}],"replies":[{"embeddable":true,"href":"https:\/\/laboratoire.univ-mosta.dz\/cstl\/wp-json\/wp\/v2\/comments?post=111"}],"version-history":[{"count":45,"href":"https:\/\/laboratoire.univ-mosta.dz\/cstl\/wp-json\/wp\/v2\/pages\/111\/revisions"}],"predecessor-version":[{"id":601,"href":"https:\/\/laboratoire.univ-mosta.dz\/cstl\/wp-json\/wp\/v2\/pages\/111\/revisions\/601"}],"wp:attachment":[{"href":"https:\/\/laboratoire.univ-mosta.dz\/cstl\/wp-json\/wp\/v2\/media?parent=111"}],"curies":[{"name":"wp","href":"https:\/\/api.w.org\/{rel}","templated":true}]}}