{"id":30,"date":"2026-02-22T11:39:51","date_gmt":"2026-02-22T10:39:51","guid":{"rendered":"https:\/\/laboratoire.univ-mosta.dz\/abrgm\/?page_id=30"},"modified":"2026-03-05T13:00:53","modified_gmt":"2026-03-05T12:00:53","slug":"equipe-1","status":"publish","type":"page","link":"https:\/\/laboratoire.univ-mosta.dz\/abrgm\/equipe-1\/","title":{"rendered":"\u00c9quipe 1"},"content":{"rendered":"\n<p class=\"has-text-align-center has-pale-ocean-gradient-background has-background\"><strong>Intitul\u00e9 de l&rsquo;\u00e9quipe<\/strong> : \u00ab\u00a0Optimisation des Productions Animales et Valorisation des Ressources<br>Alimentaires\u00a0\u00bb<\/p>\n\n\n\n<p class=\"has-text-align-center has-pale-ocean-gradient-background has-background\"><strong>Chef d&rsquo;\u00e9quipe<\/strong> : Pr. DAHLOUM Lahouari<\/p>\n\n\n\n<p class=\"has-text-align-center has-pale-ocean-gradient-background has-background\"><strong>&nbsp; Description scientifique du programme de recherche de l\u2019\u00e9quipe <\/strong><\/p>\n\n\n\n<p class=\"has-text-align-left has-pale-ocean-gradient-background has-background\">Les travaux de l\u2019\u00e9quipe OPAVRA seront centr\u00e9s essentiellement sur la gestion de la biodiversit\u00e9 animale en tant que potentiel d\u2019adaptation pour les g\u00e9n\u00e9rations futures, et le d\u00e9veloppement des outils et m\u00e9thodes pour promouvoir un \u00e9levage performant et durable incluant l\u2019impact environnemental. Diverses connaissances seront donc produites sur les dimensions physiologiques, g\u00e9n\u00e9tiques et nutritionnelles concernant les animaux d\u2019\u00e9levage. Les th\u00e9matiques abord\u00e9es par cette \u00e9quipe seront en rapport effectif avec les enjeux du d\u00e9veloppement du secteur de l\u2019\u00e9levage en Alg\u00e9rie. Ces pr\u00e9occupations scientifiques concernent notamment 4 grands axes de recherche :<br>&#8211; Am\u00e9lioration g\u00e9n\u00e9tique des animaux d\u2019\u00e9levage<br>&#8211; Comprendre comment la variabilit\u00e9 g\u00e9n\u00e9tique contr\u00f4le la variabilit\u00e9 ph\u00e9notypique de certains caract\u00e8res d\u2019int\u00e9r\u00eat agronomique (ponte, croissance, qualit\u00e9 des produits).<br>&#8211; Gestion g\u00e9n\u00e9tique des ressources animales<br>&#8211; Am\u00e9lioration de la thermo tol\u00e9rance et la r\u00e9sistance aux maladies chez les populations avicoles locale par<br>l\u2019utilisation des g\u00e8nes majeurs Na et F.<br>&#8211; Utilisation de la thermographie infrarouge pour mieux comprendre le comportement des animaux d\u2019\u00e9levage en conditions de stress thermique.<br>&#8211; Application des techniques de la morphom\u00e9trie g\u00e9om\u00e9trique pour l\u2019\u00e9valuation de la diversit\u00e9 g\u00e9n\u00e9tique des<br>populations animales.<br>&#8211; Comprendre les processus qui g\u00e9n\u00e8rent et maintiennent la biodiversit\u00e9, principalement par la d\u00e9termination des processus \u00e9volutifs dans leur contexte \u00e9cologique. Les projets de recherche dans le laboratoire int\u00e8grent<br>l\u2019\u00e9cologie mol\u00e9culaire, la g\u00e9n\u00e9tique quantitative et la dynamique des populations pour \u00e9tudier les populations<br>animales en milieu naturel.<br>&#8211; Conduite et reproduction animale<br>&#8211; Am\u00e9liorations des performances de production et de reproduction des animaux d\u2019\u00e9levage (croissance, efficacit\u00e9 alimentaire, qualit\u00e9 des produits : viande, \u0153uf, lait).<br>&#8211; Analyse et optimisation des syst\u00e8mes des productions animales.<br>&#8211; Alimentation et nutrition animale<br>&#8211; Formulations de rations alimentaires et optimisation des besoins nutritionnels des animaux d\u2019\u00e9levage<br>&#8211; Evaluation et valorisation des ressources alimentaires non conventionnelles (Microalgues, Artemia, insectes)<br>dans l\u2019alimentation animale.<br>&#8211; Valorisation des produits d\u2019origine animale<br>&#8211; Etude de la qualit\u00e9 des aliments d\u2019origine animale et leurs d\u00e9terminants, et l\u2019impact des conditions d\u2019\u00e9levage et les proc\u00e9d\u00e9s de transformation sur la variation de leurs propri\u00e9t\u00e9s.<br>&#8211; Comprendre le circuit de commercialisation des produits territoriaux d\u2019origine animale afin de permettre un meilleur acc\u00e8s au march\u00e9 aux petits agriculteurs, \u00e9viter les interm\u00e9diaires de commercialisation et am\u00e9liorer la distribution de la valeur tout au long de la cha\u00eene d\u2019approvisionnement.<\/p>\n\n\n\n<p><\/p>\n","protected":false},"excerpt":{"rendered":"<p>Intitul\u00e9 de l&rsquo;\u00e9quipe : \u00ab\u00a0Optimisation des Productions Animales et Valorisation des RessourcesAlimentaires\u00a0\u00bb Chef d&rsquo;\u00e9quipe : Pr. DAHLOUM Lahouari &nbsp; Description scientifique du programme de recherche de l\u2019\u00e9quipe Les travaux de l\u2019\u00e9quipe OPAVRA seront centr\u00e9s essentiellement sur la gestion de la biodiversit\u00e9 animale en tant que potentiel d\u2019adaptation pour les g\u00e9n\u00e9rations futures, et le d\u00e9veloppement des &hellip;<\/p>\n","protected":false},"author":45,"featured_media":0,"parent":0,"menu_order":0,"comment_status":"closed","ping_status":"closed","template":"","meta":{"_eb_attr":"","_coblocks_attr":"","_coblocks_dimensions":"","_coblocks_responsive_height":"","_coblocks_accordion_ie_support":"","footnotes":""},"class_list":["post-30","page","type-page","status-publish","hentry"],"_links":{"self":[{"href":"https:\/\/laboratoire.univ-mosta.dz\/abrgm\/wp-json\/wp\/v2\/pages\/30","targetHints":{"allow":["GET"]}}],"collection":[{"href":"https:\/\/laboratoire.univ-mosta.dz\/abrgm\/wp-json\/wp\/v2\/pages"}],"about":[{"href":"https:\/\/laboratoire.univ-mosta.dz\/abrgm\/wp-json\/wp\/v2\/types\/page"}],"author":[{"embeddable":true,"href":"https:\/\/laboratoire.univ-mosta.dz\/abrgm\/wp-json\/wp\/v2\/users\/45"}],"replies":[{"embeddable":true,"href":"https:\/\/laboratoire.univ-mosta.dz\/abrgm\/wp-json\/wp\/v2\/comments?post=30"}],"version-history":[{"count":8,"href":"https:\/\/laboratoire.univ-mosta.dz\/abrgm\/wp-json\/wp\/v2\/pages\/30\/revisions"}],"predecessor-version":[{"id":95,"href":"https:\/\/laboratoire.univ-mosta.dz\/abrgm\/wp-json\/wp\/v2\/pages\/30\/revisions\/95"}],"wp:attachment":[{"href":"https:\/\/laboratoire.univ-mosta.dz\/abrgm\/wp-json\/wp\/v2\/media?parent=30"}],"curies":[{"name":"wp","href":"https:\/\/api.w.org\/{rel}","templated":true}]}}